73, 9829
List the prime factors of 118577934.
2, 3, 563, 11701
List the prime factors of 1945269547.
13, 53, 163, 17321
List the prime factors of 24830202.
2, 3, 23, 7823
List the prime factors of 254228013.
3, 13, 17, 127817
List the prime factors of 342723755.
5, 11, 31, 201011
List the prime factors of 2060241692.
2, 67, 811, 9479
List the prime factors of 934980552.
2, 3, 11, 17, 59, 107
List the prime factors of 1987186809.
3, 2531, 261713
What are the prime factors of 527167595?
5, 4651, 22669
What are the prime factors of 117069493?
6469, 18097
What are the prime factors of 62456231?
62456231
List the prime factors of 346325469.
3, 7, 47, 350887
List the prime factors of 448823955.
3, 5, 23, 67, 19417
What are the prime factors of 4251224048?
2, 607, 437729
List the prime factors of 94509710.
2, 5, 103, 91757
List the prime factors of 63109069.
199, 307, 1033
List the prime factors of 34186378.
2, 53, 322513
What are the prime factors of 696889804?
2, 13, 193, 69439
List the prime factors of 27478079.
1823, 15073
List the prime factors of 2819506772.
2, 704876693
List the prime factors of 43054107.
3, 1049, 13681
What are the prime factors of 80567824?
2, 61, 82549
List the prime factors of 69138720.
2, 3, 5, 7, 19
List the prime factors of 758671215.
3, 5, 23, 31, 70937
What are the prime factors of 60986718?
2, 3, 13, 17, 15331
What are the prime factors of 742966039?
337, 2204647
List the prime factors of 528706957.
23, 239, 96181
What are the prime factors of 897727572?
2, 3, 7, 137, 26003
What are the prime factors of 546356263?
21143, 25841
List the prime factors of 57816251.
47, 239, 5147
What are the prime factors of 65819793?
3, 13, 61, 73, 379
List the prime factors of 5225490926.
2, 47, 83, 669763
What are the prime factors of 61639519?
4621, 13339
What are the prime factors of 710606331?
3, 1013, 25981
What are the prime factors of 457189275?
3, 5, 503, 12119
List the prime factors of 60631570.
2, 5, 2063, 2939
List the prime factors of 1911679261.
397, 659, 7307
List the prime factors of 774378697.
23, 67, 502517
List the prime factors of 2201220504.
2, 3, 7, 4367501
List the prime factors of 5109225163.
7, 729889309
List the prime factors of 13825897.
41, 337217
What are the prime factors of 1834330043?
7, 13, 97, 4241
List the prime factors of 610370348.
2, 7, 1063, 20507
What are the prime factors of 5549949024?
2, 3, 57811969
What are the prime factors of 4210058741?
7, 19, 113, 280129
What are the prime factors of 97511264?
2, 67, 45481
List the prime factors of 127521121.
7, 13, 719, 1949
What are the prime factors of 259507160?
2, 5, 11, 23, 25643
List the prime factors of 204613596.
2, 3, 11, 516701
What are the prime factors of 1606460593?
1606460593
List the prime factors of 22856582.
2, 7, 19, 29, 2963
List the prime factors of 3432793.
7, 13, 17, 317
What are the prime factors of 1482244074?
2, 3, 19, 983, 4409
What are the prime factors of 181829890?
2, 5, 11, 1021, 1619
List the prime factors of 192484817.
7, 53, 173, 2999
What are the prime factors of 736160047?
7, 137, 767633
What are the prime factors of 1525931201?
149, 10241149
What are the prime factors of 231972023?
67, 3462269
What are the prime factors of 1056003228?
2, 3, 7, 4190489
List the prime factors of 198087601.
198087601
What are the prime factors of 899070591?
3, 41, 491, 14887
What are the prime factors of 1993928376?
2, 3, 11, 47, 160697
What are the prime factors of 59532779?
41, 887, 1637
What are the prime factors of 3250731508?
2, 19, 499, 85717
What are the prime factors of 49966701?
3, 16655567
What are the prime factors of 7165458716?
2, 13, 479, 22129
What are the prime factors of 247700605?
5, 251, 197371
List the prime factors of 130462549.
7, 2662501
What are the prime factors of 1570285022?
2, 785142511
What are the prime factors of 116614032?
2, 3, 2429459
List the prime factors of 57145892.
2, 23, 29, 21419
What are the prime factors of 1128437386?
2, 29, 31, 569, 1103
What are the prime factors of 303014300?
2, 5, 3030143
List the prime factors of 85654532.
2, 883, 24251
List the prime factors of 30530832.
2, 3, 636059
List the prime factors of 99619535.
5, 19923907
What are the prime factors of 313350101?
1583, 197947
List the prime factors of 64942842.
2, 3, 149, 72643
What are the prime factors of 101044724?
2, 11, 1013, 2267
List the prime factors of 1064361.
3, 19, 71, 263
What are the prime factors of 19553148?
2, 3, 543143
What are the prime factors of 486341956?
2, 59, 229, 8999
What are the prime factors of 202282?
2, 101141
List the prime factors of 134990844.
2, 3, 11249237
What are the prime factors of 620634688?
2, 59, 164363
List the prime factors of 36247689.
3, 17, 157, 503
What are the prime factors of 24721620?
2, 3, 5, 7, 11, 5351
What are the prime factors of 3612944262?
2, 3, 11719, 51383
List the prime factors of 108609997.
47, 163, 14177
What are the prime factors of 335285021?
335285021
What are the prime factors of 141388450?
2, 5, 7, 613, 659
What are the prime factors of 19002815?
5, 13, 292351
List the prime factors of 2293304.
2, 13, 22051
What are the prime factors of 1596094728?
2, 3, 66503947
What are the prime factors of 4317705828?
2, 3, 119936273
List the prime factors of 97749120.
2, 3, 5, 7, 1039
What are the prime factors of 350118065?
5, 11, 41, 139, 1117
What are the prime factors of 817829967?
3, 272609989
List the prime factors of 111714523.
111714523
List the prime factors of 67167907.
19, 53, 66701
List the prime factors of 30211476.
2, 3, 151, 16673
What are the prime factors of 412897501?
307, 1344943
List the prime factors of 300953619.
3, 29, 433, 2663
List the prime factors of 773216102.
2, 386608051
What are the prime factors of 806696555?
5, 7, 43, 10939
List the prime factors of 144123813.
3, 461, 11579
What are the prime factors of 108727034?
2, 13, 211, 19819
List the prime factors of 137460843.
3, 13, 1174879
What are the prime factors of 262867535?
5, 7, 2473, 3037
List the prime factors of 1075132233.
3, 7, 19, 898189
List the prime factors of 1511394166.
2, 449, 1683067
List the prime factors of 9690175.
5, 11, 167, 211
List the prime factors of 159412587.
3, 17, 3125737
List the prime factors of 5401298336.
2, 7, 97, 248587
List the prime factors of 2148306741.
3, 7, 103, 251, 1319
List the prime factors of 374695136.
2, 11709223
List the prime factors of 20094981.
3, 283, 23669
List the prime factors of 1560922801.
1560922801
List the prime factors of 2992265654.
2, 7, 19, 163, 9859
What are the prime factors of 79343850?
2, 3, 5, 83, 6373
List the prime factors of 149738554.
2, 7, 10695611
What are the prime factors of 918241489?
11, 23, 3629413
List the prime factors of 1535081234.
2, 37, 59, 351599
What are the prime factors of 2439313358?
2, 25889, 47111
List the prime factors of 16356935.
5, 7, 66763
What are the prime factors of 2594925022?
2, 9043, 143477
List the prime factors of 1087034894.
2, 11, 47, 1051291
What are the prime factors of 425938536?
2, 3, 17, 347989
List the prime factors of 360763347.
3, 7, 59, 291173
List the prime factors of 524188638.
2, 3, 1429, 6793
List the prime factors of 173191891.
173191891
What are the prime factors of 126193530?
2, 3, 5, 53, 79367
List the prime factors of 1244874450.
2, 3, 5, 331, 25073
What are the prime factors of 49599822?
2, 3, 23, 359419
What are the prime factors of 127032678?
2, 3, 41, 181, 317
What are the prime factors of 1762395082?
2, 7, 239, 526717
List the prime factors of 171137595.
3, 5, 23, 496051
List the prime factors of 225076926.
2, 3, 19, 31, 63689
List the prime factors of 57111407.
349, 163643
List the prime factors of 355448193.
3, 118482731
List the prime factors of 7354309.
7354309
List the prime factors of 221849770.
2, 5, 41, 541097
What are the prime factors of 131621406?
2, 3, 7, 3133843
What are the prime factors of 423917387?
349, 1214663
List the prime factors of 12343916.
2, 13, 23, 10321
What are the prime factors of 55203734?
2, 197, 140111
List the prime factors of 41951551.
41951551
What are the prime factors of 235253443?
235253443
What are the prime factors of 2034145570?
2, 5, 203414557
What are the prime factors of 715997824?
2, 19, 31, 9497
What are the prime fac